*i - 468. Give c(-33).
-6
Let k(a) = -a**2 + 52*a + 6872. Determine k(-61).
-21
Let p(n) = n**2 - 28*n + 115. Calculate p(18).
-65
Let p(j) = j**3 - j**2 - 20*j + 2. Calculate p(-4).
2
Let m(p) = p**3 - 56*p**2 - 112*p - 215. Determine m(58).
17
Let w(q) = -20*q**2 + 161*q - 11. Calculate w(8).
-3
Let x(q) = -427*q + 13365. What is x(31)?
128
Let j(y) = -y**2 + 40*y + 6488. Give j(-63).
-1
Let x(f) = -f**3 + 15*f**2 - 28*f - 6. Calculate x(3).
18
Let s(f) = -f**2 + 13*f + 1195. What is s(45)?
-245
Let b(l) = 104*l - 561. Determine b(5).
-41
Let m(g) = g**2 + 201*g + 610. Give m(-3).
16
Let z(p) = 3*p - 170. Give z(24).
-98
Let m(g) = 14*g - 449. Determine m(35).
41
Let o(d) = -170*d + 1338. Give o(8).
-22
Let z(o) = 89*o - 518. Calculate z(6).
16
Let j(y) = -y**2 + 27*y + 922. What is j(40)?
402
Let c(b) = b**3 - 12*b**2 - 31*b + 18. Give c(12).
-354
Let x(v) = v**3 + 33*v**2 + 246*v - 280. Determine x(-20).
0
Let f(w) = 26*w**2 - 1226*w - 1056. Determine f(48).
0
Let s(w) = 3*w**2 - 49*w + 54. Give s(15).
-6
Let w(j) = j**2 - 480*j + 11803. Calculate w(26).
-1
Let y(b) = -2372*b - 4750. Give y(-2).
-6
Let c(z) = 214*z + 647. What is c(-3)?
5
Let a(q) = q**3 - 71*q**2 + 4*q - 269. Give a(71).
15
Let a(j) = -7*j**3 + 286*j**2 + 22*j + 774. Calculate a(41).
-5
Let i(s) = -2*s**2 + 21*s + 25. Give i(12).
-11
Let m(j) = 3*j**2 - 43*j - 6. Give m(14).
-20
Let u(i) = 8*i**2 + 149*i - 611. Calculate u(4).
113
Let u(z) = z**3 - 65*z**2 - 136*z - 32. Calculate u(67).
-166
Let j(l) = -5*l**3 - 3*l**2 + 7*l + 19. Give j(-2).
33
Let i(j) = j**2 - 100*j - 1258. Determine i(-16).
598
Let z(b) = 2*b**3 + 89*b**2 - 142*b - 139. Calculate z(-46).
45
Let c(g) = g**3 - 21*g**2 - 106*g + 173. What is c(25)?
23
Let r(h) = h**2 - 36*h - 263. What is r(-7)?
38
Let m(y) = -y**3 + 30*y**2 + 420*y - 11399. Determine m(32).
-7
Let d(s) = s**3 + 30*s**2 + 163*s + 40. Determine d(-23).
-6
Let t(o) = 15*o**3 - 6*o**2 - 10*o + 13. Give t(1).
12
Let m(x) = -x**3 - 35*x**2 + 142*x - 552. Calculate m(-39).
-6
Let l(t) = t**3 - 186*t**2 + 726*t + 355. What is l(182)?
-9
Let a(h) = -h**2 - 18*h + 29. Give a(3).
-34
Let f(a) = -46*a - 2017. Give f(-44).
7
Let n(y) = 5*y**2 + 41*y + 139. Give n(-8).
131
Let l(c) = -3*c**2 + 15*c + 76. Determine l(9).
-32
Let t(b) = -6521*b + 39133. What is t(6)?
7
Let z(o) = 4*o**2 - 11*o - 12. Determine z(4).
8
Let b(t) = -t**2 - 117*t + 2892. What is b(21)?
-6
Let w(k) = -k**3 - 12*k**2 - 23*k + 8. Calculate w(-3).
-4
Let o(d) = -3*d**2 - 192*d + 122. Calculate o(-63).
311
Let t(d) = -d**2 - 31*d + 261. What is t(-38)?
-5
Let t(c) = -c**3 + 72*c**2 - c + 36. Calculate t(72).
-36
Let c(b) = 2*b**2 - 25*b - 52. Give c(11).
-85
Let w(j) = 34*j**2 - 25*j + 60. What is w(3)?
291
Let m(t) = 906*t + 28101. Give m(-31).
15
Let t(h) = h**2 - 21*h + 132. What is t(20)?
112
Let j(f) = -f**3 - f**2 - 9*f - 20. What is j(-4)?
64
Let r(m) = -28*m + 1633. Determine r(59).
-19
Let w(v) = -165*v + 1238. What is w(8)?
-82
Let a(l) = 180*l - 1185. Give a(7).
75
Let n(x) = -x**3 + 10*x**2 - 13*x + 254. Calculate n(11).
-10
Let u(m) = -m**3 + 38*m**2 + 4*m - 90. What is u(38)?
62
Let g(r) = -4020*r - 8056. What is g(-2)?
-16
Let s(n) = -12*n**2 - 8*n - 31. Calculate s(-3).
-115
Let g(y) = 2*y**3 - 2*y**2 - 42*y + 15. Calculate g(5).
5
Let p(v) = -33836*v - 439864. Give p(-13).
4
Let y(r) = -r**2 - 9*r + 55. Calculate y(-16).
-57
Let g(s) = -6*s + 245. Calculate g(37).
23
Let n(o) = 16*o**3 + 1218*o**2 + 155*o + 223. Calculate n(-76).
-5
Let z(f) = f**3 + 34*f**2 - 733*f + 64. What is z(-49)?
-34
Let u(a) = -3*a**3 + 41*a**2 - 38*a + 76. Determine u(13).
-80
Let k(t) = -t**3 - 3*t**2 + 146*t + 672. Give k(-5).
-8
Let c(y) = -3*y**3 + 3*y**2 - 24*y + 33. Give c(2).
-27
Let q(l) = l**2 + 1113*l - 5594. What is q(5)?
-4
Let l(h) = 15516*h + 124121. Calculate l(-8).
-7
Let d(j) = 490*j + 24510. Give d(-50).
10
Let t(c) = 21*c**3 - 2*c**2 - 21*c + 61. Give t(3).
547
Let c(t) = 2033*t + 99624. What is c(-49)?
7
Let c(d) = d**2 - 219*d - 1338. Give c(-6).
12
Let m(z) = 39*z - 447. Determine m(14).
99
Let l(p) = 3*p**3 + 116*p**2 - 163*p - 114. What is l(-40)?
6
Let s(m) = 3*m**2 - 41*m - 260. Calculate s(-7).
174
Let y(u) = 3*u**2 + 59*u + 212. Give y(-4).
24
Let p(s) = -s**3 + 30*s**2 + 11*s - 325. Determine p(30).
5
Let k(c) = 2*c**2 - 56*c - 539. Give k(-8).
37
Let r(q) = -q**3 - 67*q**2 - 66*q - 159. Give r(-66).
-159
Let z(m) = m**3 + 47*m**2 - 6*m - 2. What is z(-47)?
280
Let f(k) = -5*k**2 - 25*k - 123. Give f(-6).
-153
Let p(q) = 2*q**3 - 54*q**2 - 109*q + 3. What is p(-2)?
-11
Let r(u) = -78*u + 2163. What is r(27)?
57
Let r(t) = -t**2 - 121*t - 371. Determine r(-4).
97
Let a(l) = -3*l**2 - 876*l + 67086. Give a(63).
-9
Let n(r) = 40*r - 118. Calculate n(4).
42
Let p(k) = 36*k - 12. Give p(9).
312
Let l(y) = y**3 - 6*y**2 - 13*y + 26. What is l(6)?
-52
Let d(q) = -2*q**3 - 12*q**2 + 15*q + 4. Give d(-6).
-86
Let w(b) = 7*b**2 - 430*b - 435. Give w(-1).
2
Let p(k) = -k**3 - 112*k**2 - 1615*k. Give p(-95).
0
Let a(v) = -v**3 - 27*v**2 + 197*v - 24. Calculate a(-33).
9
Let o(q) = -6*q**2 - 118*q + 177. What is o(-21)?
9
Let i(w) = -74*w - 1833. Determine i(-19).
-427
Let i(w) = -198*w + 2381. Calculate i(12).
5
Let b(w) = 84*w + 736. What is b(-9)?
-20
Let y(r) = -r**2 - 452*r + 8955. Give y(19).
6
Let d(y) = 18*y - 99. Give d(8).
45
Let t(v) = v**3 - 48*v**2 - 206*v - 67. What is t(52)?
37
Let r(f) = -f**3 + 21*f**2 + 28*f - 90. Determine r(22).
42
Let v(r) = -2*r**3 - 21*r**2 - 29*r + 9. Determine v(-9).
27
Let n(p) = p**2 - 24*p - 19. Give n(20).
-99
Let v(p) = -7*p**2 + 60*p - 93. What is v(7)?
-16
Let v(u) = 12*u - 270. What is v(19)?
-42
Let i(m) = -229*m - 855. What is i(-4)?
61
Let r(l) = -l**2 - 27*l + 219. Give r(-25).
269
Let i(u) = u**3 - 15*u**2 + 35*u + 43. Calculate i(4).
7
Let m(d) = 8*d - 189. Calculate m(21).
-21
Let o(b) = 157*b + 14598. Determine o(-93).
-3
Let f(d) = -155*d - 880. Calculate f(-6).
50
Let r(a) = 5*a**2 - 72*a + 196. Determine r(4).
-12
Let l(g) = 2*g**3 - 64*g**2 + 62*g + 3. What is l(31)?
3
Let o(t) = 253*t + 30096. Calculate o(-119).
-11
Let d(j) = -j**2 - 47*j - 65. Calculate d(-28).
467
Let s(h) = -2*h**2 + 84*h + 477. Give s(-5).
7
Let o(q) = 8*q + 641. Determine o(-39).
329
Let k(c) = -c**3 + 17*c**2 - 7*c - 135. Give k(16).
9
Let c(t) = 16*t**2 - 1360*t - 77. What is c(85)?
-77
Let v(t) = -6*t**2 - 147*t + 41. Give v(-25).
-34
Let b(x) = -875*x + 1767. What is b(2)?
17
Let y(m) = m**3 + 3*m**2 - 37*m - 141. Calculate y(-4).
-9
Let r(b) = b**2 - 163*b + 3228. Give r(20).
368
Let k(s) = 7*s**3 - 3*s**2 + 20*s - 20. Calculate k(1).
4
Let j(q) = 2*q**3 - 8*q**2 + 19*q + 62. What is j(8)?
726
Let t(b) = -11*b + 118. Give t(-7).
195
Let w(z) = 2*z**3 + 35*z**2 + 100*z + 52. Determine w(-14).
24
Let b(c) = -5*c**2 - 95*c - 161. Calculate b(-17).
9
Let j(a) = 518*a + 391. Determine j(-1).
-127
Let f(u) = u**2 - 1334*u + 5313. Calculate f(4).
-7
Let x(p) = p**2 - 13*p + 9. Give x(2).
-13
Let z(o) = 3721*o + 3864. Calculate z(-1).
143
Let n(k) = -k**3 + 32*k**2 + 185*k - 7. Give n(37).
-7
Let y(u) = -10113*u - 101123. Determine y(-10).
7
Let d(y) = -296*y**2 - 20*y - 23. Calculate d(-1).
-299
Let d(q) = -52*q - 254. What is d(6)?
-566
Let x(j) = -2*j**3 - 146*j**2 + 6*j + 433. Give x(-73).
-5
Let p(v) = 7*v**2 + 27*v + 50. What is p(-3)?
32
Let g(u) = -u**3 - 16*u**2 + 112*u + 10. Calculate g(-21).
-137
Let n(l) = -42*l - 581. What is n(-14)?
7
Let v(t) = -t**3 - 35*t**2 - 32*t - 10. What is v(-34)?
-78
Let b(c) = 2784*c - 8351. What is b(3)?
1
Let p(o) = -o**3 - 53*o**2 - 62*o - 481. What is p(-52)?
39
Let t(r) = r**3 - 31*r**2 - 23*r - 280. Calculate t(32).
8
Let g(x) = -83*x - 775. Give g(-10).
55
Let o(j) = -69*j + 4603. Give o(67).
-20
Let l(i) = -i**2 - 19*i + 8. Determine l(-11).
96
Let g(z) = -55026*z - 55019. Determine g(-1).
7
Let h(n) = -49*n - 2256. What is h(-46)?
-2
Let w(u) = u**3 - 131*u**2 + 1100*u - 13. Calculate w(9).
5
Let m(s) = -108*s - 1292. Give m(-12).
4
Let m(c) = 76*c**2 + 23*c - 22. Calculate m(1).
77
Let j(m) = -m**2 - 1278*m - 8899. Calculate j(-7).
-2
Let t(p) = 23*p**3 + 10*p + 19. Calculate t(-2).
-185
Let l(d) = -2*d**3 - 39*d**2 - 76*d - 382. Calculate l(-18).
14
Let q(a) = 4*a**3 + 66*a**2 + 14